 n + 45, 0 = n + d*s + 27. Let v = n + 35. List the prime factors of v.
23
Let q(j) = -1442*j - 39. List the prime factors of q(-4).
17, 337
Let v(d) = 36*d**2 + 73*d - 28. What are the prime factors of v(-16)?
2, 5, 401
Suppose -5*a + 12*u - 8*u = -31324, -3*a + 18791 = u. List the prime factors of a.
2, 3, 29
Let p(v) = 7*v**2 + 34*v - 83. What are the prime factors of p(-22)?
2557
Suppose 0 = 4*a - 65 - 115. Suppose 12*p - a - 15 = 0. Suppose 241 + 414 = p*g. List the prime factors of g.
131
Let g(s) = 9281*s + 3537. What are the prime factors of g(4)?
73, 557
Let u(k) be the first derivative of k**4/4 + 14*k**3/3 - 15*k**2/2 - 15. Let b be u(-15). Suppose -12*l + 1260 + 432 = b. What are the prime factors of l?
3, 47
Suppose -4*y - w + 60387 = 0, 0 = 3*y + 11*w - 6*w - 45286. What are the prime factors of y?
31, 487
Let b = 1822 - -3557. List the prime factors of (-3)/(-18) - b/(-18).
13, 23
Suppose 5*o - 37 = -3*b, 4*b - 26 + 0 = -2*o. Let a be b*((-14)/(-4) - 3) + 6. What are the prime factors of 1 - ((-16)/a)/((-1)/(-61))?
3, 41
Let p(r) = 87*r**3 + 3*r**2 + 4*r + 14. Let y be p(4). Suppose 146*h + y = 152*h. List the prime factors of h.
941
Suppose -4*x = -v + 690, 3*v + 4*x - 2088 = 7*x. Suppose -3*d - 218 = -v. List the prime factors of d.
2, 5
Suppose 3*r + 2*g = 7118, 2*r + 0*r + 4*g = 4732. Let y = r + -1189. What are the prime factors of y?
1187
Suppose 66*f = -10*f + 342760. What are the prime factors of f?
2, 5, 11, 41
Suppose 55*u = 50*u - 15, 5*u = -r + 2033. What are the prime factors of r?
2
Suppose 11*t + 9 = 14*t, -5*q - 5*t = -4640. Let h = q + -333. What are the prime factors of h?
2, 37
What are the prime factors of -4859*(0/(-15) - 1)?
43, 113
Suppose 646*i = 760*i - 2130090. List the prime factors of i.
5, 37, 101
Let w be 6 - ((-1)/(-5))/((-6)/30). Suppose w*a + 1290 = 4230. List the prime factors of a.
2, 3, 5, 7
Let t(y) be the first derivative of y**4/2 + 37*y**3/3 - 28*y**2 + 17*y + 95. List the prime factors of t(-19).
2, 3, 5
Let k(q) = -9*q - 11. Let n be k(-6). Let r = 112 - n. Let a = r + 11. What are the prime factors of a?
2, 5
Let u = -2 - -2. Suppose g - 336 - 117 = u. List the prime factors of g.
3, 151
Let o be (1/(-3))/(-3 + (-670)/(-225)). Suppose -4534 = -o*a + 3971. List the prime factors of a.
3, 7
Suppose -6*q - y + 114317 = -q, -3*q = -3*y - 68565. What are the prime factors of q?
2, 7, 23, 71
Let g(u) = u**2 + 9*u + 13. Let d be g(-8). Suppose -213 - 62 = -d*l. Let s = l + 19. What are the prime factors of s?
2, 37
Suppose -3*v = -3*m - 42, 3*v - 26 = m + 18. List the prime factors of ((-333)/v - -2)/(4/(-20)).
101
Suppose -2*v + 3*v + 16 = 0. Let b be 12/v*-4 - 4/(-2). Suppose 205 = b*l + 85. List the prime factors of l.
2, 3
Let i = 134 + -126. Suppose -3*a + a = -i. Suppose -a*u + 813 = -m - 210, -3*u + 2*m = -766. List the prime factors of u.
2
Let z(l) = 2*l - 8. Let s be z(5). Suppose -j - c = -2*j + 682, 2051 = 3*j + s*c. Let t = 969 - j. List the prime factors of t.
2, 11, 13
Suppose -5*x - 5167 = -3*f - 0*x, 5*f - 8618 = 2*x. Suppose -4*r = -3*h + r + 1264, -4*h - 3*r + f = 0. List the prime factors of h.
2, 107
Suppose -n - 5776 = -q, -124*q = -129*q - n + 28916. List the prime factors of q.
2, 7, 59
Let p be (104/156)/((-2)/(-612)). What are the prime factors of ((-132)/(-8))/(9/p)?
2, 11, 17
Let a = 95 - 121. Let i = a - -28. List the prime factors of 8*13 - (i + -3).
3, 5, 7
Suppose 0*w = -w + 29. Let t = 400 - 392. Let d = w + t. List the prime factors of d.
37
Let n(x) = -x**3 + 57*x**2 - 260*x - 64. What are the prime factors of n(46)?
2, 29, 97
Let u(n) = 55*n - 27. Let l be u(-8). Let x = l + 700. Suppose -3*a - 4*p + 347 = p, -2*a - 5*p + x = 0. List the prime factors of a.
2, 3, 19
Let j = 10 + -10. Let s be 15556/10 + j + (-70)/(-175). What are the prime factors of (-27)/189 + (-3)/((-42)/s)?
3, 37
Suppose 114 = 6*f + 13*f. Suppose -2*u - 4*j = -438, f*j = 3*u + 9*j - 642. Let b = u + -83. List the prime factors of b.
2, 3, 7
Suppose -4 = 2*b, 3*z + b - 443 = 2*b. Suppose -3*j + z + 18 = 0. List the prime factors of j.
5, 11
Suppose -2*r + 3*r + 592 = 4*l, 3*r - 161 = -l. Let o = -94 + l. Suppose 3*n + o - 193 = 0. What are the prime factors of n?
2, 23
Let v(y) = -9*y**2 - 875*y - 9. What are the prime factors of v(-11)?
8527
Let n be (-1)/((-13)/(-7) + 1 + -3). Let t = 7 - 4. Suppose t*b - 22 = -n. List the prime factors of b.
5
Let k(q) = q**3 - 3*q**2 - 5*q + 1. Let m be k(4). Let b be -3 - m - (1 - -40). Let i = b + 78. List the prime factors of i.
37
Let o(i) = -275*i + 1718. What are the prime factors of o(-6)?
2, 421
Suppose -2*g + 82638 = -l, -313*g - 4*l = -317*g + 165292. List the prime factors of g.
5, 8263
Let w = 4141 - 1735. What are the prime factors of w?
2, 3, 401
Suppose -4*u + 20 = 0, -i - i + 2 = 2*u. Let b be 2255/(-25) - i/(-5). List the prime factors of (-14)/(-7)*((-2)/(-2) - b).
2, 23
Suppose -37930 = 39*m + 32855. What are the prime factors of (-8 - 0) + 8 - m?
3, 5, 11
Let d = 43419 + -30064. What are the prime factors of d?
5, 2671
What are the prime factors of (1335 - 11)/(69/90 + 6/(-10))?
2, 3, 331
Suppose -4*n - 170 = 5*d, 2*d + 4*n + 68 = n. Let t = -45 - -79. List the prime factors of d + t + (0 - 0) + 57.
3, 19
What are the prime factors of 30/75*((-1557)/(-1) + -2)?
2, 311
Let t(j) be the first derivative of -j**3 + 37*j**2/2 + j - 105. What are the prime factors of t(10)?
71
Suppose 5*w - 29 = -2*c - 1, 8 = 2*c. Suppose -x - q + 235 = -119, 0 = 2*x - w*q - 684. What are the prime factors of x?
2, 5, 7
Let b(d) = -d**3 - 10*d**2 + 47*d + 186. List the prime factors of b(-24).
2, 3, 1187
Let v be 1/(6/1752) - -4. Suppose 0 = -2*f - 4*y + v, -y - 441 = -3*f + 17. What are the prime factors of f?
2, 19
Suppose -4*q - 4*l + 1840 = 0, 2298 = 5*q - 2*l + 6*l. Let f = q + -173. What are the prime factors of f?
3, 5, 19
Suppose 11 = 5*c - 14. Let s be 6*(15/c)/3. Let f(g) = 3*g**2 + 4*g - 8. List the prime factors of f(s).
2, 31
List the prime factors of 5792/(2/((3 - 5)*5/(-10))).
2, 181
Let x(n) = -2*n**2 - 8*n + 5. Let u be x(-4). Suppose 0 = -4*h + f + 3, -u*h = 3*f - 5*f. Suppose -6*z - h*z = -184. List the prime factors of z.
23
Let m(o) = 178*o**2 + 1495*o + 18. List the prime factors of m(-9).
3, 109
Let u(b) = 362*b - 243. What are the prime factors of u(9)?
3, 5, 67
What are the prime factors of (-1383500)/(-60) - 34/(-51)?
23059
Let h(s) = -58*s - 147 + 301*s + 124. List the prime factors of h(3).
2, 353
Let g(y) be the third derivative of -y**5/60 - y**4/6 + 5*y**3 - y**2. Let x(o) = -2*o**2 + 187*o + 189. Let v be x(-1). List the prime factors of g(v).
2, 3, 5
Let c(r) = 23660*r**2 + 45*r + 44. List the prime factors of c(-1).
59, 401
Suppose 50*i = 11*i + 149448. What are the prime factors of i?
2, 479
Let k(w) = -20*w**2 - 61 + 16 - 73*w + 62*w - w**3. What are the prime factors of k(-20)?
5, 7
Suppose -n + 2*d + 1674 = 0, -5*n = -10*n + 3*d + 8363. Let i = n - 576. What are the prime factors of i?
2, 137
Let g be (-6)/8 - 27/(-4). Suppose -s - 3*h - 1 = 0, 5*s + 5*h + 21 = g. What are the prime factors of (6 + s)/4*178?
89
Let g(h) be the first derivative of 2*h**2 + 47*h + 1. Suppose 0 = -c + 4*x + 26, 4*x + 48 = 2*c. What are the prime factors of g(c)?
3, 5
Let s(b) = b**3 + 5*b**2 - 81*b + 53. List the prime factors of s(-12).
17
Let h be 0*5/(-10) - -21. Let x = h + 6. Suppose c - x = 50. List the prime factors of c.
7, 11
Suppose -5*d - 2*i + 1726 = -28385, 0 = -5*d - 4*i + 30107. What are the prime factors of d?
19, 317
Let v = 3402 + -2274. List the prime factors of v.
2, 3, 47
Let z = -166 - -345. Let o = -29 + z. What are the prime factors of o?
2, 3, 5
Suppose 13*n - 9*n + 852512 = 36*n. List the prime factors of n.
26641
List the prime factors of (-446)/(-7 + (-7 - 3888/(-279))).
31, 223
Let d = -6249 + 9071. What are the prime factors of d?
2, 17, 83
Let s be (-4)/(3 - -1) - -4. Suppose -4*g + s*g + 7 = 0. Suppose 2*z + 24 = d, g*z - 2*z = -15. What are the prime factors of d?
2, 3
Let b be (-18)/(-3) + (-88)/4. What are the prime factors of 3*-426*8/b?
3, 71
Let r(y) be the third derivative of -7*y**4/4 + y**3/3 + 27*y**2. List the prime factors of r(-9).
2, 5, 19
Suppose -2*p + 2*v = -26, -2*p + 5*v + 28 + 4 =